List the prime factors of k(-15).
3, 11
Let z(h) = 26*h**2 - 5*h - 27. Let s be z(22). Suppose 23*g + 4512 = s. What are the prime factors of g?
3, 5, 23
Let a be (5 - -1)*8/6. Suppose i - 2 = -2*l - 0*i, 2*i + a = 2*l. Suppose 5*z + 8 = -l, 0 = -5*b - 4*z + 37. List the prime factors of b.
3
Suppose 4*p + 11 = 31. Suppose 2*j = -j - 3*b + 123, 47 = j - p*b. List the prime factors of j.
2, 3, 7
Let t be (-2)/(-3)*(10 + -16). Let z be (5 - t)*(-4)/(-6). Let y(w) = -w**3 + 8*w**2 - 2*w + 6. List the prime factors of y(z).
2, 3, 11
What are the prime factors of ((-68)/(-2))/(42/861)?
17, 41
Let o be 4017/12 + 6/24. Let f = o - 163. What are the prime factors of (-3 - f/(-20))*5?
2, 7
List the prime factors of (-2*6/8)/((-12)/4864).
2, 19
Let x(o) = 115*o + 8. Let q be x(4). Suppose 300 = 4*k - q. What are the prime factors of k?
2, 3
Let p = -5 - -5. Suppose 3*z + 2*z + 2*m - 84 = 0, -3*z + m + 46 = p. What are the prime factors of z?
2
Let r(s) = -433*s**3 - s. What are the prime factors of r(-1)?
2, 7, 31
Let p = 10995 + -5633. What are the prime factors of p?
2, 7, 383
Let o(d) = d**2 + 13*d + 136. List the prime factors of o(50).
2, 31, 53
Let s be -10*4*(39/(-24) - -3). Let f = s - -131. List the prime factors of f.
2, 19
Suppose -34*q - 3224 + 40046 = 0. What are the prime factors of q?
3, 19
Suppose 0*j - 2*j - 64 = 0. Let x(b) = 31*b - 34. Let g be x(3). Let c = g + j. List the prime factors of c.
3
Suppose -20*p + 51 + 29 = 0. Suppose 2*i = 2*j - 58, -p = -i - 2. List the prime factors of j.
31
Suppose 4*a = -5*m - 10, -3*a - 5 = m + 4*m. Suppose -v = m*v - 120. What are the prime factors of v?
2, 5
Suppose -2*f + j = -2484, 0 = 5*f + 87*j - 85*j - 6192. What are the prime factors of f?
2, 5, 31
Suppose w + 2*l - 24 = 0, 0*w + 24 = w - l. List the prime factors of w.
2, 3
Suppose 2*a + 29*x - 34*x = 1559, -a - x + 762 = 0. What are the prime factors of a?
13, 59
Let v = -2182 - -4087. List the prime factors of v.
3, 5, 127
Suppose -11*q + 13560 = -10695. What are the prime factors of q?
3, 5, 7
Suppose -30 = -8*j + 13*j. List the prime factors of 22/33*(-1791)/j.
199
Suppose -24 = -2*u - 2*u. Suppose -u*b + 25 + 65 = 0. List the prime factors of b.
3, 5
Suppose 3*y + 56 - 23 = 0. Let j(r) = -r**3 - 12*r**2 - 12*r - 3. Let o be j(y). Let m(n) = n**2 - 5*n - 4. List the prime factors of m(o).
2, 5
Suppose -w + 4 = -4*i + 4*w, -2*w = 5*i - 28. Let s be ((-30)/i)/(72/(-48)). List the prime factors of -112*(25/(-10))/s.
2, 7
Let l be (-30)/(-4) + ((-3)/(-6) - 2). Let v = 62 + l. What are the prime factors of v?
2, 17
Let y = 33 + -47. Let u = 26 - y. Suppose 0*b + b - u = 0. What are the prime factors of b?
2, 5
Let m(c) = -116*c + 1. Let q(b) = 233*b - 1. Let t(p) = 9*m(p) + 4*q(p). What are the prime factors of t(-1)?
3, 13
Let t = -162 + 165. Suppose -z - 4*z = -30. Suppose -3*w - t*a = -2*w + 1, -4*a + z = 2*w. What are the prime factors of w?
11
Let z(t) = 63*t**2 - 22*t - 64. List the prime factors of z(-3).
569
Suppose 2*f + 2*n = 48, -2*f - 5 + 49 = 4*n. What are the prime factors of f?
2, 13
Let y = 33 + 105. List the prime factors of y.
2, 3, 23
Suppose 0 = 4*b + 24 - 72. Suppose -v + b = -3. List the prime factors of v.
3, 5
List the prime factors of ((-600)/(-2))/(-3 - (-40)/12).
2, 3, 5
Suppose -4*x = 16 - 56. What are the prime factors of ((-15)/x)/(1/(-4))?
2, 3
Let d(z) = -z**2 + 16*z + 7. Let a be d(16). Let m(k) = 2*k**2 - 2. List the prime factors of m(a).
2, 3
Suppose -431*v - 25355 = -442*v. List the prime factors of v.
5, 461
Suppose 4*f = h - 22 - 7, h = 2*f + 19. Let l(m) = -4*m + 4*m + 4*m - 1 + 0*m. List the prime factors of l(h).
5, 7
Suppose 4*n + 30 = 9*n. List the prime factors of ((-60)/(-5))/(n/20).
2, 5
Suppose 0 = 5*l - 2*l + 2*u + 38, 4*l = 4*u - 44. List the prime factors of 12/l + 64 + -1.
2, 31
Suppose 3*q = 9, 4*g - 5*q = -0*q + 4917. What are the prime factors of g?
3, 137
Let g(d) = d**3 - 2*d**2 + 3*d + 9. Let o be g(-4). What are the prime factors of (o/(-22))/((-1)/(-24))?
2, 3
Suppose b + 4 = 3*v + 5, -b + 1 = 5*v. Suppose v = -n - 3*k + 3, 5*n = 4*k - k + 15. What are the prime factors of n?
3
Let i(d) = -4*d + 64 - 128 + 59. What are the prime factors of i(-5)?
3, 5
Let t(b) = b**2 + b + 1. Let i(l) = l**3 - l**2 + 2*l + 11. Let r(q) = -i(q) + 4*t(q). Let f be r(5). Suppose 3 = -f*h + 138. List the prime factors of h.
3, 5
Let z(w) = -418*w + 132. What are the prime factors of z(-7)?
2, 11, 139
Let c = -333 - -800. List the prime factors of c.
467
Suppose 5*f - 52 + 547 = 0. What are the prime factors of (-4734)/(-22) + 909/f + 9?
5, 43
Suppose 0 - 7 = -a + 5*s, 35 = 5*a + 4*s. List the prime factors of 2/a - 2790/(-35).
2, 5
Suppose 22*x + 70707 = 43*x. List the prime factors of x.
7, 13, 37
Suppose -12*w = -13*w + 2. Suppose w = -2*n - 2. What are the prime factors of ((-66)/5)/(n/5)?
3, 11
Let l(n) be the second derivative of 13*n**5/20 - n**4/12 - n**3 + 9*n**2/2 + 13*n. What are the prime factors of l(2)?
97
Suppose 4*m - 47 = -295. Let t = 120 + m. List the prime factors of t.
2, 29
Let g(v) = -v**2 + 5*v + 38. Let f be g(-4). Let k = -465 - -845. List the prime factors of k/(-10)*f/(-4).
19
Let u = 15 - 10. Suppose -y + 3*y - 13 = u*o, 0 = -5*y - 2*o + 18. List the prime factors of y.
2
Suppose -6 = -0*r - 2*r - 2*m, -3*r = 5*m - 5. Suppose r + 1 = 2*d. Suppose d*g = 7*g - 272. What are the prime factors of g?
2, 17
Let w be (10/(-4))/(3/(-54)). Let a = 89 - w. What are the prime factors of a?
2, 11
Suppose 2*h + 3*h - 1425 = -5*o, -4*o - 834 = -3*h. Suppose -887 = -5*d - h. List the prime factors of d.
11
Suppose -88 = 4*v - 4. What are the prime factors of (-8)/(-28) - 2451/v?
3, 13
Suppose -5*q = -28*t + 26*t - 3621, 2169 = 3*q - 3*t. What are the prime factors of q?
5, 29
What are the prime factors of 30/240 + (-6023)/(-8)?
3, 251
Let d(w) = 9*w**2 - 21*w - 181. What are the prime factors of d(-12)?
1367
Suppose 0 = -3*r + 2*q + 2, 3*r - 3*q = -8*q - 5. Suppose r*o + 5*o = -i + 434, 3*o = 3*i + 264. What are the prime factors of o?
3, 29
Let p be 30/3*(1 - -1). Let h(i) = i**3 + 4*i**2 - 2*i + 1. Let g be h(-5). Let n = p + g. What are the prime factors of n?
2, 3
Let f = -13 + 19. Suppose -f*q = -2*q. Suppose q = -r + 4*r - 96. List the prime factors of r.
2
Suppose 0 = 5*y - 1435 - 345. What are the prime factors of y?
2, 89
Let z(p) = p**2 - p - 1. Let g = 5 - 6. Let i(v) = 8*v**2 - 1. Let a be i(g). What are the prime factors of z(a)?
41
Suppose -5*m + 57 = -233. Let p = 98 + m. What are the prime factors of p?
2, 3, 13
Let o(f) = f**2 + f - 6. Let h be o(11). What are the prime factors of 12294/h + 6/14?
2, 7
Let v(c) = c + 4. Let n be v(0). Let d(w) = -4*w + 15*w**2 + 7*w + n - w - 6. List the prime factors of d(-2).
2, 3
Let a(b) = -3*b + 3. Let g be a(0). Suppose 3*w + 2*y = 74, 2*w - 15 = -g*y + 36. What are the prime factors of w?
2, 3
Suppose 2*j = 5*k + 2616, -j = -5*k - 865 - 453. List the prime factors of j.
2, 11, 59
Let y(b) = -b - 12. Let h be y(0). Let p = 52 + h. What are the prime factors of p?
2, 5
Suppose -4*m - c = -37, -3*m - 4*c + 9*c - 1 = 0. Suppose -14*l + m*l + 54 = 0. What are the prime factors of l?
3
List the prime factors of 13922/14 - (-6)/105*10.
5, 199
Let i be 59 + -1 - (10 + -7). Let v be (-134)/(-6) - 1/3. Let z = i - v. What are the prime factors of z?
3, 11
Let i(v) = -v**3 - 7*v**2 + 9*v + 4. Let p = -6 + -3. Let g be i(p). Suppose w + a - 8 - 11 = 0, -4*a = -3*w + g. What are the prime factors of w?
23
Let b be 6/21 + 26/7. Suppose 5*q - 5*h = -b*h + 24, 16 = 4*q - 4*h. Suppose -q*p + 72 = -48. List the prime factors of p.
2, 3
Let w(n) = 1242*n**2 + 7*n + 7. What are the prime factors of w(-1)?
2, 3, 23
Let l be ((-10)/4 - 0)*-2. Let a = 1 - 1. Suppose d + a*d + 4*h = -15, -5*h = l*d. What are the prime factors of d?
5
Let v = -8 - -8. Let y be v - 2*(-1 + -5). Suppose -i - 3*f - 2*f - y = 0, -3*f + 50 = 5*i. What are the prime factors of i?
13
Let g(o) = 98*o**3 - o**2 + 2*o - 1. Let c be g(1). Suppose 0 = 2*u + 4*f - 12 - c, -2*u + 2*f = -86. Suppose -2*d + u = -27. List the prime factors of d.
37
Let q(r) = -r**2 - 2*r + 3. Let m be q(-3). Suppose 3*c + 2*c - 5*n = 575, 4*c + 3*n - 453 = m. What are the prime factors of c?
2, 3, 19
Le